at is the units digit of 30633?
3
What is the units digit of 10752?
2
What is the tens digit of 5315?
1
What is the hundreds digit of 243?
2
What is the hundreds digit of 96584?
5
What is the hundred thousands digit of 144670?
1
What is the thousands digit of 6067?
6
What is the tens digit of 138?
3
What is the units digit of 399?
9
What is the units digit of 16893?
3
What is the units digit of 633?
3
What is the thousands digit of 21212?
1
What is the units digit of 4362?
2
What is the hundreds digit of 145579?
5
What is the units digit of 169225?
5
What is the hundreds digit of 1066?
0
What is the ten thousands digit of 35326?
3
What is the thousands digit of 61304?
1
What is the units digit of 675?
5
What is the tens digit of 1373?
7
What is the tens digit of 16702?
0
What is the thousands digit of 34063?
4
What is the thousands digit of 6979?
6
What is the thousands digit of 1257?
1
What is the hundreds digit of 2394?
3
What is the units digit of 102971?
1
What is the thousands digit of 1440?
1
What is the thousands digit of 43099?
3
What is the units digit of 5260?
0
What is the hundreds digit of 982?
9
What is the thousands digit of 169119?
9
What is the tens digit of 32629?
2
What is the thousands digit of 5200?
5
What is the tens digit of 796?
9
What is the units digit of 3700?
0
What is the hundreds digit of 1533?
5
What is the tens digit of 906?
0
What is the hundreds digit of 7454?
4
What is the hundreds digit of 13758?
7
What is the thousands digit of 84759?
4
What is the thousands digit of 10819?
0
What is the ten thousands digit of 53258?
5
What is the tens digit of 3089?
8
What is the units digit of 12044?
4
What is the thousands digit of 21660?
1
What is the units digit of 6487?
7
What is the tens digit of 529?
2
What is the ten thousands digit of 10114?
1
What is the thousands digit of 1109?
1
What is the hundreds digit of 893?
8
What is the ten thousands digit of 90910?
9
What is the units digit of 18448?
8
What is the thousands digit of 3555?
3
What is the thousands digit of 1203?
1
What is the thousands digit of 3823?
3
What is the units digit of 138?
8
What is the tens digit of 99?
9
What is the ten thousands digit of 44622?
4
What is the hundreds digit of 4719?
7
What is the tens digit of 7779?
7
What is the hundreds digit of 332?
3
What is the hundreds digit of 3102?
1
What is the hundreds digit of 3502?
5
What is the tens digit of 1975?
7
What is the ten thousands digit of 16557?
1
What is the hundreds digit of 1769?
7
What is the tens digit of 27154?
5
What is the tens digit of 3641?
4
What is the thousands digit of 3658?
3
What is the thousands digit of 8459?
8
What is the hundred thousands digit of 140207?
1
What is the hundreds digit of 25192?
1
What is the tens digit of 1988?
8
What is the tens digit of 2728?
2
What is the ten thousands digit of 28936?
2
What is the units digit of 1771?
1
What is the units digit of 39717?
7
What is the tens digit of 4453?
5
What is the ten thousands digit of 142459?
4
What is the hundreds digit of 944?
9
What is the tens digit of 210?
1
What is the hundreds digit of 3617?
6
What is the hundreds digit of 37035?
0
What is the tens digit of 504?
0
What is the hundreds digit of 3778?
7
What is the tens digit of 14590?
9
What is the units digit of 2348?
8
What is the thousands digit of 7598?
7
What is the thousands digit of 1660?
1
What is the ten thousands digit of 19597?
1
What is the thousands digit of 32283?
2
What is the hundreds digit of 11114?
1
What is the thousands digit of 25044?
5
What is the units digit of 879?
9
What is the thousands digit of 1279?
1
What is the ten thousands digit of 15770?
1
What is the units digit of 38526?
6
What is the hundreds digit of 5589?
5
What is the hundreds digit of 4545?
5
What is the tens digit of 17865?
6
What is the units digit of 42132?
2
What is the thousands digit of 50432?
0
What is the tens digit of 392?
9
What is the ten thousands digit of 17542?
1
What is the hundreds digit of 1248?
2
What is the thousands digit of 24899?
4
What is the tens digit of 197?
9
What is the thousands digit of 4007?
4
What is the tens digit of 83680?
8
What is the units digit of 1310?
0
What is the hundreds digit of 10742?
7
What is the tens digit of 2201?
0
What is the tens digit of 4975?
7
What is the thousands digit of 29698?
9
What is the hundreds digit of 8007?
0
What is the thousands digit of 15292?
5
What is the hundreds digit of 419?
4
What is the hundreds digit of 8559?
5
What is the hundreds digit of 8406?
4
What is the units digit of 32180?
0
What is the thousands digit of 12990?
2
What is the units digit of 24843?
3
What is the hundreds digit of 17269?
2
What is the hundreds digit of 1265?
2
What is the thousands digit of 2151?
2
What is the tens digit of 103?
0
What is the thousands digit of 8103?
8
What is the ten thousands digit of 12133?
1
What is the hundreds digit of 942?
9
What is the hundreds digit of 227?
2
What is the units digit of 3925?
5
What is the thousands digit of 1768?
1
What is the units digit of 10520?
0
What is the units digit of 927?
7
What is the units digit of 15603?
3
What is the units digit of 19018?
8
What is the ten thousands digit of 21978?
2
What is the tens digit of 4480?
8
What is the thousands digit of 42608?
2
What is the thousands digit of 34702?
4
What is the tens digit of 1839?
3
What is the tens digit of 534?
3
What is the ten thousands digit of 88345?
8
What is the tens digit of 1676?
7
What is the units digit of 829?
9
What is the units digit of 74424?
4
What is the hundreds digit of 15718?
7
What is the thousands digit of 25546?
5
What is the hundreds digit of 745?
7
What is the units digit of 1433?
3
What is the units digit of 1818?
8
What is the hundred thousands digit of 117686?
1
What is the tens digit of 1363?
6
What is the thousands digit of 6023?
6
What is the hundreds digit of 803?
8
What is the units digit of 423?
3
What is the units digit of 301?
1
What is the hundreds digit of 9721?
7
What is the hundreds digit of 939?
9
What is the tens digit of 9338?
3
What is the hundreds digit of 74474?
4
What is the thousands digit of 6262?
6
What is the units digit of 69?
9
What is the hundreds digit of 694?
6
What is the tens digit of 70834?
3
What is the ten thousands digit of 194279?
9
What is the hundreds digit of 203?
2
What is the thousands digit of 2650?
2
What is the units digit of 4457?
7
What is the hundreds digit of 219?
2
What is the tens digit of 331?
3
What is the hundreds digit of 1209?
2
What is the hundreds digit of 1219?
2
What is the thousands digit of 17571?
7
What is the thousands digit of 11331?
1
What is the thousands digit of 74755?
4
What is the units digit of 5?
5
What is the tens digit of 102580?
8
What is the ten thousands digit of 32665?
3
What is the hundreds digit of 977?
9
What is the tens digit of 25631?
3
What is the hundreds digit of 1400?
4
What is the thousands digit of 3825?
3
What is the hundreds digit of 1992?
9
What is the hundreds digit of 786?
7
What is the ten thousands digit of 32111?
3
What is the hundreds digit of 20224?
2
What is the tens digit of 960?
6
What is the hundreds digit of 70275?
2
What is the hundreds digit of 2246?
2
What is the ten thousands digit of 34228?
3
What is the thousands digit of 7892?
7
What is the tens digit of 16136?
3
What is the tens digit of 5262?
6
What is the tens digit of 370?
7
What is the units digit of 41251?
1
What is the hundreds digit of 270?
2
What is the thousands digit of 1713?
1
What is the thousands digit of 1228?
1
What is the hundreds digit of 318?
3
What is the thousands digit of 95567?
5
What is the units digit of 51349?
9
What is the tens digit of 202?
0
What is the tens digit of 33680?
8
What is the ten thousands digit of 30165?
3
What is the tens digit of 167348?
4
What is the thousands digit of 34076?
4
What is the tens digit of 26441?
4
What is the thousands digit of 3475?
3
What is the tens digit of 330?
3
What is the tens digit of 6977?
7
What is the tens digit of 29?
2
What is the hundreds digit of 926?
9
What is the ten thousands digit of 77954?
7
What is the hundreds digit of 1530?
5
What is the units digit of 4512?
2
What is the tens digit of 5842?
4
What is the tens digit of 30746?
4
What is th